-5*h - 3*h + 6*h + j. Give o(p).
-3
Let t(m) = 2*m**2 + 2*m - 1. Let r be t(-2). Let l(o) = -2*o**2 + 0*o**3 - o + 2*o**2 + r*o**3. Calculate l(1).
2
Let j(p) = p**2 + 5*p - 6. Let f(h) = -h**2 - 6*h + 7. Let z be (-5)/((-12)/3 + 3). Let u(w) = z*j(w) + 4*f(w). Calculate u(2).
4
Suppose 0 = -3*q - 1 - 2. Let r(z) be the second derivative of 3*z**5/10 - z**4/6 + z**2/2 - 2*z. What is r(q)?
-7
Let g(t) be the first derivative of t + 1/4*t**4 - t**2 - 1 + t**3. Give g(2).
17
Let r(c) be the second derivative of -1/12*c**4 + 0 + 0*c**2 + c + 1/20*c**5 - 1/6*c**3. Let x = 2 - 0. Give r(x).
2
Let a(u) = 2*u - 4. Let x = -42 - -47. What is a(x)?
6
Suppose -5*x + 5 = -2*k, -2*x - 2*x = -3*k - 4. Let y = x + -3. Let h(p) = p**2 + 2. Determine h(y).
6
Suppose 0*t - 2*t = -4*p - 4, -2*t - 20 = 4*p. Let a = p + 18. Suppose -z + a = -6*z. Let k(x) = -x**2 + 4. Give k(z).
-5
Let a(g) be the third derivative of g**7/840 - g**6/72 + g**5/30 - 7*g**3/6 - g**2. Let y(q) be the first derivative of a(q). Give y(3).
-6
Let x(o) be the third derivative of 0 - 10*o**2 + 0*o + 0*o**3 + 1/120*o**6 + 0*o**4 + 1/60*o**5. What is x(-1)?
0
Let x(d) = 7*d - 7. Suppose -25 = -7*i + 2*i. Let k(g) = 10*g - 10. Let a(y) = i*k(y) - 7*x(y). Let l = 12 - 17. Give a(l).
-6
Suppose -4*o + 2*t = -2, 2*t = -o - 0*t + 8. Let j(w) be the first derivative of 1 + 4*w - 1/2*w**o. What is j(-3)?
7
Let w(p) = 6*p**3 - p**2 + 9*p + 9. Let b(v) = -5*v**3 + 2*v**2 - 8*v - 8. Let a(i) = 5*b(i) + 4*w(i). Give a(5).
1
Suppose -44 - 36 = -8*l. Let g(p) = -p**3 + 11*p**2 - 12*p + 15. Give g(l).
-5
Let l(p) = -2*p**3 + 3*p**2 + 3*p - 1. Let a(g) = -g**2 - g. Let i(k) = 4*a(k) + l(k). Let q = -4 + 2. Let b be 1/q*(1 + 1). What is i(b)?
1
Let t(r) = -r**3 + 2 - 3*r - 5*r + 0 - 8*r**2 - 4. Let b be t(-7). Let a(c) = 2*c - 3. Calculate a(b).
7
Let t(u) = u**2 + 2*u + 2. Let c be 4*6*2/8. Suppose -3*m = -c*d + 3*d - 12, 14 = 4*d + 2*m. Suppose d = -3*q - 5. What is t(q)?
2
Suppose 0 = -4*o - 2*y, -5*o = -y - y - 9. Let i(n) = -n + 1. What is i(o)?
0
Let x = -24 - -21. Let t(v) = 2*v - 3. What is t(x)?
-9
Let n = 7 - 5. Let s(g) = -2 - 7 - n*g + 0. Calculate s(-6).
3
Let k be -3*(0 + (-12)/(-9)). Let i(c) = 4*c**2 + 6*c + 1. Let l(z) = -5*z**2 - 7*z - 1. Suppose 2*s - 20 = -3*s. Let d(m) = s*i(m) + 3*l(m). Determine d(k).
5
Let z(g) = g - 4 + 2 - 6. Let q(w) = -w**3 - w + 1. Let l(a) = -2*a**3 + 4*a**2 - 4*a - 1. Let v(i) = l(i) - 3*q(i). Let s be v(-4). What is z(s)?
-8
Let h = -9 + 16. Let m(s) = 9 - 2*s + s - s. Let k be m(h). Let u(v) = 3*v + 7. Calculate u(k).
-8
Let j = 4 - 2. Let y(r) = r. Let p be y(j). Let o(i) = -3*i - 3*i + i**2 + p + 0*i. Calculate o(3).
-7
Let q = -2 - 1. Let w(a) = 2*a. Let d(f) = f. Suppose 30 + 0 = 5*o. Let h(x) = o*d(x) - 4*w(x). What is h(q)?
6
Let m(t) be the first derivative of t**3/3 - 5*t**2/2 + 2*t - 9. Let b be (5/(-3) - -1)*-6. Give m(b).
-2
Let b(o) be the first derivative of o**2/2 + 3*o + 5. Suppose 0 = 4*p + 2 + 10. What is b(p)?
0
Let q be (-23)/5 - (-14)/(-35). Let i(p) = 5 + 7*p + 5*p**2 - 3*p**2 - p**2. Determine i(q).
-5
Let a(x) = x**3 - 6*x**2 + 8*x - 6. Let j be 2/(2*(-1)/(-5)). Give a(j).
9
Let d(y) be the second derivative of y**6/180 + 2*y**3/3 + 3*y. Let o(w) be the second derivative of d(w). Determine o(2).
8
Suppose 2*d = -d - 5*v + 3, 4*d - 4 = v. Let k(o) = -1 - 2*o - d - o**2 + 2*o. Let m = 2 + -2. Determine k(m).
-2
Let b(l) be the third derivative of 1/60*l**5 - 2*l**2 + 0 + 1/3*l**3 - 5/24*l**4 + 0*l. Calculate b(3).
-4
Let j be 2/(-1 - 1)*0. Let u(f) be the second derivative of -f**3/6 - 5*f**2/2 - f. Let o be u(j). Let a(h) = -h**3 - 6*h**2 - 6*h - 2. Calculate a(o).
3
Let q(p) = -6*p + p + 12 + 5*p + p. Give q(-9).
3
Let l = -82 - -79. Let w(m) = m**2 + m + 1. Determine w(l).
7
Let o be (56/12)/(2/12). Let k(w) = 16*w - o*w + 2 + 14*w. Determine k(-6).
-10
Let w(p) = p**2 - 3 - 1 - 1. Suppose -2*n - n + 3*r - 21 = 0, 0 = 3*n + 2*r - 4. Let a be (0 - n) + (1 - 7). Give w(a).
11
Let h(g) = -g**3 + g**2 - 1. Suppose 4*d + w + 3 = 0, -5*w - 2 = 13. Determine h(d).
-1
Suppose 25 = 6*z - 11*z. Let a(k) be the first derivative of -1/4*k**4 - 4/3*k**3 - 6*k + 1 + 3/2*k**2. Determine a(z).
4
Let g(y) be the first derivative of 1/4*y**4 + 1/20*y**5 - 1 - 1/2*y**3 + 1/2*y**2 - y. Let q(b) be the first derivative of g(b). Give q(-4).
-3
Suppose 5*b + 24 = w, b = 5*w - 3*b - 36. Let r(p) = 2 + 2*p**3 + 6*p - w*p - 3 + 0*p + 4*p**2. Calculate r(-2).
-5
Let c(u) = 3 + 7*u**2 + 11*u**2 - 17*u**2. What is c(-3)?
12
Suppose 0 = -4*w + 2*w + 8. Let l(t) = t**3 + 0*t**3 - 3*t + 4*t**2 - 2*t**3 + w + t. Calculate l(3).
7
Let l(r) = -r - 7. Let i(o) = -5*o - 1. Let u be i(2). Let k = 5 + u. Let v be l(k). Let x(w) = 2*w**2 - w. Calculate x(v).
3
Suppose 2*o = -4*v + o + 3, 2*v - 2*o = 14. Let j(u) = 6*u**2 + v*u**2 - 3*u**2 - 3*u**2 + u - 2*u**3. Suppose 10 = 5*c + 4*n, 3*n + 2 = 2*c - 2. Give j(c).
-6
Let n(y) = y**2 + 6*y + 7. Suppose 6 + 6 = -2*f. What is n(f)?
7
Let o(w) = 0*w**3 - 94 + 100 - 2*w**3 + 6*w + 5*w**2 + w**3. What is o(6)?
6
Let i(y) = y**2 + 3*y + 7. Let z(g) = -g**2. Let m(u) = i(u) + 2*z(u). Let t = 5 - 5. Let j be (t - 5)*(-1)/1. Determine m(j).
-3
Let c(g) be the first derivative of -g**3/3 - 3*g**2 - 5*g + 11. What is c(-5)?
0
Let b(m) = 8*m**3 - 2*m**2 + m. Suppose 0 = -2*q + 6*q - 12. Suppose -z + q = a, -a - 3 = -4*z - 16. Suppose -a = -4*h - h. What is b(h)?
7
Let o(c) = 12*c + 49. Let m be o(-4). Let r = 2 + -19. Let i(l) = 3*l - 6. Let q(j) = 8*j - 17. Let d(k) = r*i(k) + 6*q(k). Give d(m).
-3
Suppose 0 = -4*z + 2*y - 30, -3*z = -5*z + 3*y - 21. Let h(n) = n + 5. Calculate h(z).
-1
Suppose 33*j - 16 = 35*j. Let n(r) = r - 1. Give n(j).
-9
Let a = 16 - 12. Let v(i) = -i**3 + 3*i**2 + 5*i + 2. What is v(a)?
6
Suppose 6 = -4*o + 2. Let j(v) be the third derivative of -1/12*v**5 + 0 - 1/6*v**3 + 5*v**2 - 1/12*v**4 + 0*v. What is j(o)?
-4
Let n = -82 - -84. Let b(h) = -h**3 + 2*h**2 + 2*h - 1. Determine b(n).
3
Let p(i) = -26*i + 4. Let w(a) = 5*a - 1. Let m(t) = 2*p(t) + 11*w(t). Give m(6).
15
Let u(p) = p**2 - p + 1. Let k(w) = 8*w**2 - 5*w + 3. Let i(q) = k(q) - u(q). Determine i(2).
22
Let f(q) be the first derivative of q**4/4 - 2*q**3/3 - q - 2. Let w be (-4)/(8/(-6)) + -1. What is f(w)?
-1
Let c(g) = g**3 + 12*g**2 + 7. Let d be c(-12). Let p(o) = 4 + 5*o**2 - 4 - d*o**2 + 2*o. What is p(2)?
-4
Let t(g) = 2 - 6 + 3 + g. Let a = 56 + -61. Give t(a).
-6
Suppose -5*d + 6*d + 1 = 0. Let n(w) = w**2 + 7*w + 7. Let o(a) = -3*a - 3. Let c(y) = 2*n(y) + 5*o(y). Calculate c(d).
2
Let a = 78 + -81. Let x(v) = v**3 + 2*v**2 - 3*v + 4. Determine x(a).
4
Let j = 9 - 5. Let v(y) be the second derivative of y**5/20 - y**4/4 - 5*y**3/6 + 3*y**2/2 + 3*y. Determine v(j).
-1
Let r(f) = 2*f**2 - 3*f - 4. Let b be 12/(-5) - 6/(-15). Let g be (b/(-2 - 0))/(-1). Let n be 1*2/1 - g. What is r(n)?
5
Let y(g) = 5*g**2 - 21*g - 3. Let z(x) = x**2 - x - 1. Let t(a) = 9*a**2 - 17*a - 7. Let o(l) = t(l) - 6*z(l). Let d(i) = -7*o(i) + 4*y(i). Give d(-4).
7
Let d(o) be the first derivative of 2*o**3 + o**2/2 + 1. Let b(c) = c - 5 + 4*c - 4*c. Let k be b(4). Calculate d(k).
5
Let a(j) = 5*j - 32. Let u(g) = 3*g - 21. Let o(w) = -5*a(w) + 8*u(w). Let d(l) = l**3 + 5*l**2 + 5*l + 4. Let r be d(-4). Determine o(r).
-8
Let l(g) = 7*g**3 + 13*g**2 + 2*g + 11. Let a(m) = -m**3 - m**2 + m - 1. Let c(y) = 6*a(y) + l(y). Determine c(-5).
15
Let l(a) = -a - 4. Let v be 6/(-4)*14/(-3). Let b = v + -5. Suppose 0 = -0*q + b*q. Give l(q).
-4
Let m(q) = -q + 6. Let o(d) = d - 7. Let x(b) = -6*m(b) - 5*o(b). Determine x(1).
0
Let g(c) = -5*c**2 + 5*c - 1. Let f(h) = 9*h**2 - 10*h + 2. Let u(d) = 4*f(d) + 7*g(d). Suppose -5*y + 62 = 2. Let m = y + -6. Calculate u(m).
7
Let y(a) be the second derivative of -a**5/4 - a**3/6 + 10*a. Calculate y(1).
-6
Let c(o) = o - 4. Let h = -38 - -43. Give c(h).
1
Suppose 0*v = -4*v + 40. Suppose -3*b = -v + 1. Let t(m) = -m + 6. Determine t(b).
3
Let b(a) = -a**2. Let f(l) be the second derivative of -l**4/12 + 5*l**3/6 + l**2/2 + 5*l. Let r be f(5). Calculate b(r).
-1
Let r(y) be the second derivative of y**2 - 1/20*y**5 - y**3 + 0 + 5/12*y**4 + y. What is r(4)?
-6
Let v(y) = 31*y - y**3 - 2*y**2 - 3 + y**2 - 32*y. Give v(0).
-3
Let f(b)